**3 + 7*y**2 - 10*y + 11. Determine k(-8).
27
Let m(p) = -p**3 - 9*p**2 + 10*p + 8. What is m(-10)?
8
Let y(h) = -5*h - 4. What is y(-1)?
1
Let d(y) = y**2 + 10*y + 31. Give d(-5).
6
Let j(l) = -11*l + 27. Give j(-5).
82
Let n(h) = h + 4. What is n(1)?
5
Let h(x) = -x**3 + 4*x**2 - x - 2. Determine h(4).
-6
Let s(r) = -r**3 + 6*r**2 - 8*r + 5. Calculate s(7).
-100
Let h(w) = -w**3 + 6*w**2 + 4*w - 5. What is h(-4)?
139
Let w(r) = -5*r**3 - r**2 + 2*r - 1. What is w(1)?
-5
Let d(n) = -25*n + 1. What is d(-1)?
26
Let j(g) = -g**2 + 34. Give j(4).
18
Let x(u) = -3*u - 11. Determine x(-7).
10
Let o(c) = 5*c - 31. Give o(7).
4
Let n(a) = a**3 + 11*a**2 - a + 4. What is n(-11)?
15
Let j(p) = p - 1. Calculate j(-12).
-13
Let c(n) = n**3 + 5*n**2 + 4*n - 12. Determine c(-4).
-12
Let k(v) = 3*v - 7. Calculate k(-10).
-37
Let r(p) = 3*p**2 - 14*p - 24. Give r(6).
0
Let h(d) = -10*d**2 - 2*d + 2. Give h(1).
-10
Let w(a) = -a**3 + 5*a**2 + a - 7. Determine w(4).
13
Let x(z) = -z**2 - 5*z + 41. Give x(-11).
-25
Let c(f) = f**2 + 9*f + 17. Calculate c(-7).
3
Let f(p) = -17*p**2 + 1. Give f(-1).
-16
Let w(q) = -11*q**3 + q**2 - q. Calculate w(1).
-11
Let j(t) = -16*t**2 + 8*t + 8. What is j(-1)?
-16
Let o(l) = -l**3 - 12*l**2 - 17*l - 16. What is o(-12)?
188
Let h(q) = -q**2 + 14*q - 22. Calculate h(14).
-22
Let c(k) = -k**2 - 11*k - 9. What is c(-9)?
9
Let d(y) = -5*y - 2. Determine d(1).
-7
Let p(o) = -o**3 + 3*o**2 - 5*o + 4. Give p(1).
1
Let q(u) = u**2 - 13*u + 30. Determine q(8).
-10
Let q(w) = -2*w**2 - 43*w - 74. Determine q(-19).
21
Let m(k) = 24*k + 98. Calculate m(-9).
-118
Let d(p) = p - 8. Determine d(8).
0
Let v(a) = -a**2 + 11*a - 8. What is v(10)?
2
Let n(q) = -q**2 + 25*q - 151. What is n(18)?
-25
Let f(s) = -s**2 - 8*s + 17. Determine f(-9).
8
Let n(z) = -15*z + 15. What is n(7)?
-90
Let r(v) = -3*v + 10. Determine r(7).
-11
Let s(l) = 2*l**2 - l - 1. Determine s(2).
5
Let l(c) = -c**3 - 42*c**2 - 80*c - 18. What is l(-40)?
-18
Let z(y) = y**3 - 5*y**2 - 14*y + 64. Determine z(5).
-6
Let l(n) = 13*n**2 + 2*n - 3. Give l(1).
12
Let l(j) = -j**3 + 27*j**2 - 21*j - 51. What is l(26)?
79
Let n(p) = -2*p**2 + 2*p - 1. Calculate n(2).
-5
Let k(c) = 15*c - 62. Give k(6).
28
Let b(r) = 122*r - 8. Calculate b(0).
-8
Let y(l) = -2*l**2 + 12*l - 26. Give y(8).
-58
Let n(l) = l**2 + 5*l - 7. Calculate n(5).
43
Let k(h) = 58*h - 1561. Calculate k(27).
5
Let c(i) = i**2 + 18*i - 28. Give c(-20).
12
Let c(w) = -3*w + 9. Determine c(-13).
48
Let m(x) = -2*x**2 - 2*x. What is m(1)?
-4
Let r(s) = 4*s + 74. Determine r(-28).
-38
Let m(t) = t**3 - 5*t**2 + 2*t. Give m(3).
-12
Let g(u) = -u**3 - u**2 - 38. Calculate g(0).
-38
Let x(f) = -f**3 - 2*f**2 - 4*f - 8. Determine x(-3).
13
Let n(l) = l**3 - l**2 - l + 3. Calculate n(0).
3
Let v(n) = 5*n - 35. Give v(18).
55
Let b(l) = l**2 + 21*l + 53. Give b(-10).
-57
Let y(u) = u**2 - 15*u + 42. What is y(4)?
-2
Let d(x) = -7*x. Determine d(6).
-42
Let h(a) = 5*a. Determine h(-1).
-5
Let i(t) = -10*t - 106. Give i(-7).
-36
Let r(i) = 7*i**2 - 59*i - 17. Determine r(9).
19
Let w(m) = -m**3 + 21*m**2 + 22*m + 1. Calculate w(22).
1
Let p(o) = 3*o - 14. Calculate p(6).
4
Let q(g) = 3*g - 74. Calculate q(0).
-74
Let b(c) = 2*c - 4. What is b(-7)?
-18
Let o(s) = -s + 1. Calculate o(5).
-4
Let o(s) = s**2 - 3. Determine o(-7).
46
Let x(q) = -2*q**2 + 54*q - 176. What is x(23)?
8
Let h(y) = -17*y - 4. Give h(4).
-72
Let l(i) = -i**3 - 4*i**2 + 3*i + 7. Give l(-4).
-5
Let s(z) = z**3 - 7*z**2 - z + 1. What is s(7)?
-6
Let i(j) = j**3 + 29*j**2 + 83*j + 135. Determine i(-26).
5
Let u(r) = r**2 - 2*r - 2. Determine u(5).
13
Let h(x) = x**2 - 223*x - 909. Calculate h(-4).
-1
Let b(z) = -4*z**3 + z + 1. Give b(-2).
31
Let w(k) = 5*k**3 - 3*k**2 - 2*k + 2. Calculate w(-2).
-46
Let p(n) = -n**2 + 4*n. What is p(4)?
0
Let a(m) = m**2 + 6*m - 26. Calculate a(-9).
1
Let j(b) = 20*b + 51. Give j(-8).
-109
Let p(h) = h**2 + 18*h + 21. What is p(-16)?
-11
Let b(w) = -4*w**2 - 3. Determine b(3).
-39
Let s(c) = 2*c**2 - 15*c - 16. Determine s(12).
92
Let f(u) = u**3 + 13*u**2 - 30*u + 22. What is f(-15)?
22
Let q(s) = -s**2 - 9*s - 12. Give q(-7).
2
Let s(v) = -4*v - 2. Give s(2).
-10
Let y(p) = -3*p**2 - p + 2. Calculate y(2).
-12
Let m(q) = -q**3 + 14*q**2 - 7*q - 44. What is m(13)?
34
Let m(g) = -g**2 + 9*g - 3. Determine m(10).
-13
Let s(o) = o**2 - 11*o + 16. Calculate s(12).
28
Let p(c) = -c**3 + 7*c**2 - 10*c + 6. Give p(5).
6
Let s(f) = -f**2 + 7*f + 216. What is s(19)?
-12
Let q(k) = 3*k**2 + 11*k - 3. Determine q(-4).
1
Let v(l) = -36*l - 861. Determine v(-24).
3
Let r(g) = g**3 + 17*g**2 + 18*g + 39. What is r(-16)?
7
Let o(u) = -2*u**2 + u - 1. Give o(-3).
-22
Let b(n) = 2*n**2 + 6*n - 10. Give b(-7).
46
Let r(f) = -f**2 + f + 13. Give r(-4).
-7
Let p(z) = -z**3 - 12*z**2 + 11*z - 15. Calculate p(-13).
11
Let p(i) = i**2 - 14*i + 26. Determine p(18).
98
Let b(s) = 2*s - 27. Calculate b(17).
7
Let c(w) = 32*w - 13. Give c(-2).
-77
Let o(q) = -q**3 + 35*q**2 - 33*q - 101. Determine o(34).
-67
Let q(o) = -o**2 - 20*o - 49. Determine q(-20).
-49
Let j(t) = 3*t**3 - 2*t - 2. Calculate j(-2).
-22
Let f(t) = 6*t - 3. Determine f(2).
9
Let d(i) = 4*i + 9. Determine d(-6).
-15
Let z(v) = -28*v - 13. Calculate z(2).
-69
Let r(y) = -6*y + 2. Give r(-7).
44
Let n(v) = -10*v - 6. What is n(-1)?
4
Let f(b) = -2*b**3 - 2*b**2. Determine f(-2).
8
Let g(d) = -10*d + 3. Determine g(-10).
103
Let d(u) = -12*u**2 - 409*u - 30. Determine d(-34).
4
Let x(p) = 4*p - 44. Give x(13).
8
Let o(s) = -2*s + 38. Calculate o(14).
10
Let v(w) = 9*w**3 - w**2 - w - 1. Give v(-1).
-10
Let n(d) = d**2 + 3*d + 10. Calculate n(-3).
10
Let w(r) = 2*r**2 + 2*r. Give w(-3).
12
Let b(p) = 13*p + 102. Calculate b(-6).
24
Let z(i) = 15*i - 322. Give z(21).
-7
Let k(t) = -t**3 + 20*t**2 + 22*t + 37. Calculate k(21).
58
Let i(p) = p**2 - p - 2. Give i(0).
-2
Let s(b) = -3*b**2 + 15*b - 6. Calculate s(5).
-6
Let i(a) = 2*a**2 - 2*a - 4. Give i(-2).
8
Let i(v) = 30*v**3 - 1. What is i(1)?
29
Let q(r) = 3*r - 12. Give q(0).
-12
Let f(d) = -5*d**2 - 3*d + 8. Determine f(-2).
-6
Let q(x) = -x + 2. Calculate q(5).
-3
Let w(k) = -11*k + 4. Determine w(-3).
37
Let k(p) = 2*p**2 - 9*p - 5. What is k(5)?
0
Let t(z) = z**2 + 6*z - 117. Calculate t(-14).
-5
Let y(m) = m - 11. Determine y(11).
0
Let m(i) = -23*i**2 - i - 1. Give m(-1).
-23
Let y(m) = m**2. Give y(4).
16
Let z(b) = -b**3 + 8*b**2 - 7*b - 8. What is z(7)?
-8
Let b(u) = u**3 + 5*u**2 - 18*u + 5. Give b(4).
77
Let c(x) = 2*x**2 - 6*x + 12. Give c(0).
12
Let c(f) = -f**3 + 5*f**2 - 5*f + 1. Calculate c(6).
-65
Let d(m) = -m**3 - 5*m**2 - 6*m - 8. Calculate d(-4).
0
Let t(i) = -27*i**3 + i - 1. What is t(1)?
-27
Let m(f) = f**2 + 21*f + 17. Determine m(-20).
-3
Let h(k) = -2*k**3 - 2*k**2 + 2*k + 2. Give h(-2).
6
Let v(p) = p**2 - 3. What is v(-2)?
1
Let j(f) = f**3 - 11*f**2 - 20*f - 38. Determine j(13).
40
Let h(i) = -68*i - 181. What is h(-3)?
23
Let g(a) = 8*a. Calculate g(-4).
-32
Let q(g) = -g**3 + 8*g**2 - 5*g - 3. What is q(7)?
11
Let s(z) = 2*z**3 + 3*z**2 - 9*z + 3. Determine s(-5).
-127
Let t(p) = -p**3 + 4*p**2 + 5*p - 8. What is t(4)?
12
Let v(k) = -k**3 + 2*k + 2. Give v(3).
-19
Let h(k) = k**2 - 3*k - 1. Give h(2).
-3
Let g(p) = -2*p**2 + 3*p + 2. Give g(3).
-7
Let h(l) = 26*l + 78. Determine h(-3).
0
Let o(x) = x**2 - 15*x + 19. What is o(15)?
19
Let w(d) = d**2 + 8*d - 20. What is w(-11)?
13
Let w(z) = -4*z - 3. Determine w(3).
-15
Let y(u) = -13*u - 246. Give y(-17).
-25
Let z(m) = m**3 - 9*m**2 + 7*m + 6. Determine z(8).
-2
Let u(z) = 2*z**3 - 5*z**2 + 2*z + 10. Give u(3).
25
Let f(c) = -c**3 + 4*c**2 + 4*c + 4. Calculate f(5).
-1
Let d(z) = z**2 - 2*z - 1. Give d(-4).
23
Let j(x) = -x**2 + 24*x - 94. What is j(5)?
1
Let p(o) = 2*o - 23. Determine p(6).
-11
Let z(y) = -31*y + 3. Determine z(2).
-59
Let s(o) = -o**2 - 6*o - 1. Calculate s(-5).
4
Let o(u) = 8*u**2 + 2. Determine o(2).
34
Let a(x) = -x**2 + 12*x + 6. What is a(13)?
-7
Let r(f) = -f**3 - f**2 + 1. Determine r(-2).
5
Let f(r) = 4*r**2 - 10*r + 21. Calculate f(6).
105
Let m(f) = 8*f**3 + 2*f + 2. Determine m(-2).
-66
Let x(v) = -v**3 - v + 10. Give x(0).
10
Let i(h) = 2*h + 14. Determine i(-10).
-6
Let p(v) = 15*v - 3. Determine p(-4).
-63